{"id":615,"date":"2020-04-04T15:29:32","date_gmt":"2020-04-04T15:29:32","guid":{"rendered":"http:\/\/34.90.220.16\/?page_id=615"},"modified":"2023-12-17T11:21:18","modified_gmt":"2023-12-17T10:21:18","slug":"kavove-kresby-coffee-drawings-2011","status":"publish","type":"page","link":"https:\/\/petraherotova.com\/?page_id=615","title":{"rendered":"K\u00e1vov\u00e9 kresby\/Coffee Drawings, 2011"},"content":{"rendered":"\n<p>k\u00e1va na pap\u00ed\u0159e, form\u00e1t A4\/coffee on paper, A4 format<\/p>\n\n\n\n<figure class=\"wp-block-gallery aligncenter has-nested-images columns-1 is-cropped wp-block-gallery-1 is-layout-flex wp-block-gallery-is-layout-flex\">\n<figure class=\"wp-block-image\"><a href=\"http:\/\/petraherotova.com\/wp-content\/uploads\/2020\/04\/20110613140151801_0001-scaled-1.jpg\" data-lbwps-width=\"1810\" data-lbwps-height=\"2560\" data-lbwps-srcsmall=\"https:\/\/petraherotova.com\/wp-content\/uploads\/2020\/04\/20110613140151801_0001-scaled-1-212x300.jpg\"><img loading=\"lazy\" decoding=\"async\" width=\"724\" height=\"1024\" data-id=\"621\" src=\"http:\/\/petraherotova.com\/wp-content\/uploads\/2020\/04\/20110613140151801_0001-scaled-1-724x1024.jpg\" alt=\"\" class=\"wp-image-621\" srcset=\"https:\/\/petraherotova.com\/wp-content\/uploads\/2020\/04\/20110613140151801_0001-scaled-1-724x1024.jpg 724w, https:\/\/petraherotova.com\/wp-content\/uploads\/2020\/04\/20110613140151801_0001-scaled-1-212x300.jpg 212w, https:\/\/petraherotova.com\/wp-content\/uploads\/2020\/04\/20110613140151801_0001-scaled-1-768x1086.jpg 768w, https:\/\/petraherotova.com\/wp-content\/uploads\/2020\/04\/20110613140151801_0001-scaled-1-1086x1536.jpg 1086w, https:\/\/petraherotova.com\/wp-content\/uploads\/2020\/04\/20110613140151801_0001-scaled-1-1448x2048.jpg 1448w, https:\/\/petraherotova.com\/wp-content\/uploads\/2020\/04\/20110613140151801_0001-scaled-1-1200x1697.jpg 1200w, https:\/\/petraherotova.com\/wp-content\/uploads\/2020\/04\/20110613140151801_0001-scaled-1.jpg 1810w\" sizes=\"auto, (max-width: 724px) 100vw, 724px\" \/><\/a><\/figure>\n\n\n\n<figure class=\"wp-block-image\"><a href=\"http:\/\/petraherotova.com\/wp-content\/uploads\/2020\/04\/20110613155000689_0001-scaled-1.jpg\" data-lbwps-width=\"1810\" data-lbwps-height=\"2560\" data-lbwps-srcsmall=\"https:\/\/petraherotova.com\/wp-content\/uploads\/2020\/04\/20110613155000689_0001-scaled-1-212x300.jpg\"><img loading=\"lazy\" decoding=\"async\" width=\"724\" height=\"1024\" data-id=\"622\" src=\"http:\/\/petraherotova.com\/wp-content\/uploads\/2020\/04\/20110613155000689_0001-scaled-1-724x1024.jpg\" alt=\"\" class=\"wp-image-622\" srcset=\"https:\/\/petraherotova.com\/wp-content\/uploads\/2020\/04\/20110613155000689_0001-scaled-1-724x1024.jpg 724w, https:\/\/petraherotova.com\/wp-content\/uploads\/2020\/04\/20110613155000689_0001-scaled-1-212x300.jpg 212w, https:\/\/petraherotova.com\/wp-content\/uploads\/2020\/04\/20110613155000689_0001-scaled-1-768x1086.jpg 768w, https:\/\/petraherotova.com\/wp-content\/uploads\/2020\/04\/20110613155000689_0001-scaled-1-1086x1536.jpg 1086w, https:\/\/petraherotova.com\/wp-content\/uploads\/2020\/04\/20110613155000689_0001-scaled-1-1448x2048.jpg 1448w, https:\/\/petraherotova.com\/wp-content\/uploads\/2020\/04\/20110613155000689_0001-scaled-1-1200x1697.jpg 1200w, https:\/\/petraherotova.com\/wp-content\/uploads\/2020\/04\/20110613155000689_0001-scaled-1.jpg 1810w\" sizes=\"auto, (max-width: 724px) 100vw, 724px\" \/><\/a><\/figure>\n\n\n\n<figure class=\"wp-block-image\"><a href=\"http:\/\/petraherotova.com\/wp-content\/uploads\/2020\/04\/20110613155425798_0001-scaled-1.jpg\" data-lbwps-width=\"2560\" data-lbwps-height=\"1810\" data-lbwps-srcsmall=\"https:\/\/petraherotova.com\/wp-content\/uploads\/2020\/04\/20110613155425798_0001-scaled-1-300x212.jpg\"><img loading=\"lazy\" decoding=\"async\" width=\"1024\" height=\"724\" data-id=\"623\" src=\"http:\/\/petraherotova.com\/wp-content\/uploads\/2020\/04\/20110613155425798_0001-scaled-1-1024x724.jpg\" alt=\"\" class=\"wp-image-623\" srcset=\"https:\/\/petraherotova.com\/wp-content\/uploads\/2020\/04\/20110613155425798_0001-scaled-1-1024x724.jpg 1024w, https:\/\/petraherotova.com\/wp-content\/uploads\/2020\/04\/20110613155425798_0001-scaled-1-300x212.jpg 300w, https:\/\/petraherotova.com\/wp-content\/uploads\/2020\/04\/20110613155425798_0001-scaled-1-768x543.jpg 768w, https:\/\/petraherotova.com\/wp-content\/uploads\/2020\/04\/20110613155425798_0001-scaled-1-1536x1086.jpg 1536w, https:\/\/petraherotova.com\/wp-content\/uploads\/2020\/04\/20110613155425798_0001-scaled-1-2048x1448.jpg 2048w, https:\/\/petraherotova.com\/wp-content\/uploads\/2020\/04\/20110613155425798_0001-scaled-1-1200x848.jpg 1200w, https:\/\/petraherotova.com\/wp-content\/uploads\/2020\/04\/20110613155425798_0001-scaled-1-1980x1400.jpg 1980w\" sizes=\"auto, (max-width: 1024px) 100vw, 1024px\" \/><\/a><\/figure>\n\n\n\n<figure class=\"wp-block-image\"><a href=\"http:\/\/petraherotova.com\/wp-content\/uploads\/2020\/04\/20110613155635719_0001-scaled-1.jpg\" data-lbwps-width=\"2560\" data-lbwps-height=\"1810\" data-lbwps-srcsmall=\"https:\/\/petraherotova.com\/wp-content\/uploads\/2020\/04\/20110613155635719_0001-scaled-1-300x212.jpg\"><img loading=\"lazy\" decoding=\"async\" width=\"1024\" height=\"724\" data-id=\"624\" src=\"http:\/\/petraherotova.com\/wp-content\/uploads\/2020\/04\/20110613155635719_0001-scaled-1-1024x724.jpg\" alt=\"\" class=\"wp-image-624\" srcset=\"https:\/\/petraherotova.com\/wp-content\/uploads\/2020\/04\/20110613155635719_0001-scaled-1-1024x724.jpg 1024w, https:\/\/petraherotova.com\/wp-content\/uploads\/2020\/04\/20110613155635719_0001-scaled-1-300x212.jpg 300w, https:\/\/petraherotova.com\/wp-content\/uploads\/2020\/04\/20110613155635719_0001-scaled-1-768x543.jpg 768w, https:\/\/petraherotova.com\/wp-content\/uploads\/2020\/04\/20110613155635719_0001-scaled-1-1536x1086.jpg 1536w, https:\/\/petraherotova.com\/wp-content\/uploads\/2020\/04\/20110613155635719_0001-scaled-1-2048x1448.jpg 2048w, https:\/\/petraherotova.com\/wp-content\/uploads\/2020\/04\/20110613155635719_0001-scaled-1-1200x848.jpg 1200w, https:\/\/petraherotova.com\/wp-content\/uploads\/2020\/04\/20110613155635719_0001-scaled-1-1980x1400.jpg 1980w\" sizes=\"auto, (max-width: 1024px) 100vw, 1024px\" \/><\/a><\/figure>\n\n\n\n<figure class=\"wp-block-image\"><a href=\"http:\/\/petraherotova.com\/wp-content\/uploads\/2020\/04\/20110613155819668_0001-scaled-1.jpg\" data-lbwps-width=\"2560\" data-lbwps-height=\"1810\" data-lbwps-srcsmall=\"https:\/\/petraherotova.com\/wp-content\/uploads\/2020\/04\/20110613155819668_0001-scaled-1-300x212.jpg\"><img loading=\"lazy\" decoding=\"async\" width=\"1024\" height=\"724\" data-id=\"625\" src=\"http:\/\/petraherotova.com\/wp-content\/uploads\/2020\/04\/20110613155819668_0001-scaled-1-1024x724.jpg\" alt=\"\" class=\"wp-image-625\" srcset=\"https:\/\/petraherotova.com\/wp-content\/uploads\/2020\/04\/20110613155819668_0001-scaled-1-1024x724.jpg 1024w, https:\/\/petraherotova.com\/wp-content\/uploads\/2020\/04\/20110613155819668_0001-scaled-1-300x212.jpg 300w, https:\/\/petraherotova.com\/wp-content\/uploads\/2020\/04\/20110613155819668_0001-scaled-1-768x543.jpg 768w, https:\/\/petraherotova.com\/wp-content\/uploads\/2020\/04\/20110613155819668_0001-scaled-1-1536x1086.jpg 1536w, https:\/\/petraherotova.com\/wp-content\/uploads\/2020\/04\/20110613155819668_0001-scaled-1-2048x1448.jpg 2048w, https:\/\/petraherotova.com\/wp-content\/uploads\/2020\/04\/20110613155819668_0001-scaled-1-1200x848.jpg 1200w, https:\/\/petraherotova.com\/wp-content\/uploads\/2020\/04\/20110613155819668_0001-scaled-1-1980x1400.jpg 1980w\" sizes=\"auto, (max-width: 1024px) 100vw, 1024px\" \/><\/a><\/figure>\n\n\n\n<figure class=\"wp-block-image\"><a href=\"http:\/\/petraherotova.com\/wp-content\/uploads\/2020\/04\/20110613160018879_0001-scaled-1.jpg\" data-lbwps-width=\"2560\" data-lbwps-height=\"1810\" data-lbwps-srcsmall=\"https:\/\/petraherotova.com\/wp-content\/uploads\/2020\/04\/20110613160018879_0001-scaled-1-300x212.jpg\"><img loading=\"lazy\" decoding=\"async\" width=\"1024\" height=\"724\" data-id=\"626\" src=\"http:\/\/petraherotova.com\/wp-content\/uploads\/2020\/04\/20110613160018879_0001-scaled-1-1024x724.jpg\" alt=\"\" class=\"wp-image-626\" srcset=\"https:\/\/petraherotova.com\/wp-content\/uploads\/2020\/04\/20110613160018879_0001-scaled-1-1024x724.jpg 1024w, https:\/\/petraherotova.com\/wp-content\/uploads\/2020\/04\/20110613160018879_0001-scaled-1-300x212.jpg 300w, https:\/\/petraherotova.com\/wp-content\/uploads\/2020\/04\/20110613160018879_0001-scaled-1-768x543.jpg 768w, https:\/\/petraherotova.com\/wp-content\/uploads\/2020\/04\/20110613160018879_0001-scaled-1-1536x1086.jpg 1536w, https:\/\/petraherotova.com\/wp-content\/uploads\/2020\/04\/20110613160018879_0001-scaled-1-2048x1448.jpg 2048w, https:\/\/petraherotova.com\/wp-content\/uploads\/2020\/04\/20110613160018879_0001-scaled-1-1200x848.jpg 1200w, https:\/\/petraherotova.com\/wp-content\/uploads\/2020\/04\/20110613160018879_0001-scaled-1-1980x1400.jpg 1980w\" sizes=\"auto, (max-width: 1024px) 100vw, 1024px\" \/><\/a><\/figure>\n\n\n\n<figure class=\"wp-block-image\"><a href=\"http:\/\/petraherotova.com\/wp-content\/uploads\/2020\/04\/20110613160152567_0001-scaled-1.jpg\" data-lbwps-width=\"1810\" data-lbwps-height=\"2560\" data-lbwps-srcsmall=\"https:\/\/petraherotova.com\/wp-content\/uploads\/2020\/04\/20110613160152567_0001-scaled-1-212x300.jpg\"><img loading=\"lazy\" decoding=\"async\" width=\"724\" height=\"1024\" data-id=\"627\" src=\"http:\/\/petraherotova.com\/wp-content\/uploads\/2020\/04\/20110613160152567_0001-scaled-1-724x1024.jpg\" alt=\"\" class=\"wp-image-627\" srcset=\"https:\/\/petraherotova.com\/wp-content\/uploads\/2020\/04\/20110613160152567_0001-scaled-1-724x1024.jpg 724w, https:\/\/petraherotova.com\/wp-content\/uploads\/2020\/04\/20110613160152567_0001-scaled-1-212x300.jpg 212w, https:\/\/petraherotova.com\/wp-content\/uploads\/2020\/04\/20110613160152567_0001-scaled-1-768x1086.jpg 768w, https:\/\/petraherotova.com\/wp-content\/uploads\/2020\/04\/20110613160152567_0001-scaled-1-1086x1536.jpg 1086w, https:\/\/petraherotova.com\/wp-content\/uploads\/2020\/04\/20110613160152567_0001-scaled-1-1448x2048.jpg 1448w, https:\/\/petraherotova.com\/wp-content\/uploads\/2020\/04\/20110613160152567_0001-scaled-1-1200x1697.jpg 1200w, https:\/\/petraherotova.com\/wp-content\/uploads\/2020\/04\/20110613160152567_0001-scaled-1.jpg 1810w\" sizes=\"auto, (max-width: 724px) 100vw, 724px\" \/><\/a><\/figure>\n\n\n\n<figure class=\"wp-block-image\"><a href=\"http:\/\/petraherotova.com\/wp-content\/uploads\/2020\/04\/P6234441-scaled-1.jpg\" data-lbwps-width=\"1810\" data-lbwps-height=\"2560\" data-lbwps-srcsmall=\"https:\/\/petraherotova.com\/wp-content\/uploads\/2020\/04\/P6234441-scaled-1-212x300.jpg\"><img loading=\"lazy\" decoding=\"async\" width=\"724\" height=\"1024\" data-id=\"628\" src=\"http:\/\/petraherotova.com\/wp-content\/uploads\/2020\/04\/P6234441-scaled-1-724x1024.jpg\" alt=\"\" class=\"wp-image-628\" srcset=\"https:\/\/petraherotova.com\/wp-content\/uploads\/2020\/04\/P6234441-scaled-1-724x1024.jpg 724w, https:\/\/petraherotova.com\/wp-content\/uploads\/2020\/04\/P6234441-scaled-1-212x300.jpg 212w, https:\/\/petraherotova.com\/wp-content\/uploads\/2020\/04\/P6234441-scaled-1-768x1086.jpg 768w, https:\/\/petraherotova.com\/wp-content\/uploads\/2020\/04\/P6234441-scaled-1-1086x1536.jpg 1086w, https:\/\/petraherotova.com\/wp-content\/uploads\/2020\/04\/P6234441-scaled-1-1448x2048.jpg 1448w, https:\/\/petraherotova.com\/wp-content\/uploads\/2020\/04\/P6234441-scaled-1-1200x1697.jpg 1200w, https:\/\/petraherotova.com\/wp-content\/uploads\/2020\/04\/P6234441-scaled-1.jpg 1810w\" sizes=\"auto, (max-width: 724px) 100vw, 724px\" \/><\/a><figcaption class=\"wp-element-caption\">OLYMPUS DIGITAL CAMERA<\/figcaption><\/figure>\n\n\n\n<figure class=\"wp-block-image\"><a href=\"http:\/\/petraherotova.com\/wp-content\/uploads\/2020\/04\/P6234442-scaled-1.jpg\" data-lbwps-width=\"1810\" data-lbwps-height=\"2560\" data-lbwps-srcsmall=\"https:\/\/petraherotova.com\/wp-content\/uploads\/2020\/04\/P6234442-scaled-1-212x300.jpg\"><img loading=\"lazy\" decoding=\"async\" width=\"724\" height=\"1024\" data-id=\"629\" src=\"http:\/\/petraherotova.com\/wp-content\/uploads\/2020\/04\/P6234442-scaled-1-724x1024.jpg\" alt=\"\" class=\"wp-image-629\" srcset=\"https:\/\/petraherotova.com\/wp-content\/uploads\/2020\/04\/P6234442-scaled-1-724x1024.jpg 724w, https:\/\/petraherotova.com\/wp-content\/uploads\/2020\/04\/P6234442-scaled-1-212x300.jpg 212w, https:\/\/petraherotova.com\/wp-content\/uploads\/2020\/04\/P6234442-scaled-1-768x1086.jpg 768w, https:\/\/petraherotova.com\/wp-content\/uploads\/2020\/04\/P6234442-scaled-1-1086x1536.jpg 1086w, https:\/\/petraherotova.com\/wp-content\/uploads\/2020\/04\/P6234442-scaled-1-1448x2048.jpg 1448w, https:\/\/petraherotova.com\/wp-content\/uploads\/2020\/04\/P6234442-scaled-1-1200x1697.jpg 1200w, https:\/\/petraherotova.com\/wp-content\/uploads\/2020\/04\/P6234442-scaled-1.jpg 1810w\" sizes=\"auto, (max-width: 724px) 100vw, 724px\" \/><\/a><figcaption class=\"wp-element-caption\">OLYMPUS DIGITAL CAMERA<\/figcaption><\/figure>\n\n\n\n<figure class=\"wp-block-image\"><a href=\"http:\/\/petraherotova.com\/wp-content\/uploads\/2020\/04\/P6234443-scaled-1.jpg\" data-lbwps-width=\"2560\" data-lbwps-height=\"1810\" data-lbwps-srcsmall=\"https:\/\/petraherotova.com\/wp-content\/uploads\/2020\/04\/P6234443-scaled-1-300x212.jpg\"><img loading=\"lazy\" decoding=\"async\" width=\"1024\" height=\"724\" data-id=\"630\" src=\"http:\/\/petraherotova.com\/wp-content\/uploads\/2020\/04\/P6234443-scaled-1-1024x724.jpg\" alt=\"\" class=\"wp-image-630\" srcset=\"https:\/\/petraherotova.com\/wp-content\/uploads\/2020\/04\/P6234443-scaled-1-1024x724.jpg 1024w, https:\/\/petraherotova.com\/wp-content\/uploads\/2020\/04\/P6234443-scaled-1-300x212.jpg 300w, https:\/\/petraherotova.com\/wp-content\/uploads\/2020\/04\/P6234443-scaled-1-768x543.jpg 768w, https:\/\/petraherotova.com\/wp-content\/uploads\/2020\/04\/P6234443-scaled-1-1536x1086.jpg 1536w, https:\/\/petraherotova.com\/wp-content\/uploads\/2020\/04\/P6234443-scaled-1-2048x1448.jpg 2048w, https:\/\/petraherotova.com\/wp-content\/uploads\/2020\/04\/P6234443-scaled-1-1200x848.jpg 1200w, https:\/\/petraherotova.com\/wp-content\/uploads\/2020\/04\/P6234443-scaled-1-1980x1400.jpg 1980w\" sizes=\"auto, (max-width: 1024px) 100vw, 1024px\" \/><\/a><figcaption class=\"wp-element-caption\">OLYMPUS DIGITAL CAMERA<\/figcaption><\/figure>\n\n\n\n<figure class=\"wp-block-image\"><a href=\"http:\/\/petraherotova.com\/wp-content\/uploads\/2020\/04\/P6234444-scaled-1.jpg\" data-lbwps-width=\"2560\" data-lbwps-height=\"1810\" data-lbwps-srcsmall=\"https:\/\/petraherotova.com\/wp-content\/uploads\/2020\/04\/P6234444-scaled-1-300x212.jpg\"><img loading=\"lazy\" decoding=\"async\" width=\"1024\" height=\"724\" data-id=\"632\" src=\"http:\/\/petraherotova.com\/wp-content\/uploads\/2020\/04\/P6234444-scaled-1-1024x724.jpg\" alt=\"\" class=\"wp-image-632\" srcset=\"https:\/\/petraherotova.com\/wp-content\/uploads\/2020\/04\/P6234444-scaled-1-1024x724.jpg 1024w, https:\/\/petraherotova.com\/wp-content\/uploads\/2020\/04\/P6234444-scaled-1-300x212.jpg 300w, https:\/\/petraherotova.com\/wp-content\/uploads\/2020\/04\/P6234444-scaled-1-768x543.jpg 768w, https:\/\/petraherotova.com\/wp-content\/uploads\/2020\/04\/P6234444-scaled-1-1536x1086.jpg 1536w, https:\/\/petraherotova.com\/wp-content\/uploads\/2020\/04\/P6234444-scaled-1-2048x1448.jpg 2048w, https:\/\/petraherotova.com\/wp-content\/uploads\/2020\/04\/P6234444-scaled-1-1200x848.jpg 1200w, https:\/\/petraherotova.com\/wp-content\/uploads\/2020\/04\/P6234444-scaled-1-1980x1400.jpg 1980w\" sizes=\"auto, (max-width: 1024px) 100vw, 1024px\" \/><\/a><figcaption class=\"wp-element-caption\">OLYMPUS DIGITAL CAMERA<\/figcaption><\/figure>\n\n\n\n<figure class=\"wp-block-image\"><a href=\"http:\/\/petraherotova.com\/wp-content\/uploads\/2020\/04\/P6234445-scaled-1.jpg\" data-lbwps-width=\"1810\" data-lbwps-height=\"2560\" data-lbwps-srcsmall=\"https:\/\/petraherotova.com\/wp-content\/uploads\/2020\/04\/P6234445-scaled-1-212x300.jpg\"><img loading=\"lazy\" decoding=\"async\" width=\"724\" height=\"1024\" data-id=\"633\" src=\"http:\/\/petraherotova.com\/wp-content\/uploads\/2020\/04\/P6234445-scaled-1-724x1024.jpg\" alt=\"\" class=\"wp-image-633\" srcset=\"https:\/\/petraherotova.com\/wp-content\/uploads\/2020\/04\/P6234445-scaled-1-724x1024.jpg 724w, https:\/\/petraherotova.com\/wp-content\/uploads\/2020\/04\/P6234445-scaled-1-212x300.jpg 212w, https:\/\/petraherotova.com\/wp-content\/uploads\/2020\/04\/P6234445-scaled-1-768x1086.jpg 768w, https:\/\/petraherotova.com\/wp-content\/uploads\/2020\/04\/P6234445-scaled-1-1086x1536.jpg 1086w, https:\/\/petraherotova.com\/wp-content\/uploads\/2020\/04\/P6234445-scaled-1-1448x2048.jpg 1448w, https:\/\/petraherotova.com\/wp-content\/uploads\/2020\/04\/P6234445-scaled-1-1200x1697.jpg 1200w, https:\/\/petraherotova.com\/wp-content\/uploads\/2020\/04\/P6234445-scaled-1.jpg 1810w\" sizes=\"auto, (max-width: 724px) 100vw, 724px\" \/><\/a><figcaption class=\"wp-element-caption\">OLYMPUS DIGITAL CAMERA<\/figcaption><\/figure>\n\n\n\n<figure class=\"wp-block-image\"><a href=\"http:\/\/petraherotova.com\/wp-content\/uploads\/2020\/04\/P6234446-scaled-1.jpg\" data-lbwps-width=\"1810\" data-lbwps-height=\"2560\" data-lbwps-srcsmall=\"https:\/\/petraherotova.com\/wp-content\/uploads\/2020\/04\/P6234446-scaled-1-212x300.jpg\"><img loading=\"lazy\" decoding=\"async\" width=\"724\" height=\"1024\" data-id=\"634\" src=\"http:\/\/petraherotova.com\/wp-content\/uploads\/2020\/04\/P6234446-scaled-1-724x1024.jpg\" alt=\"\" class=\"wp-image-634\" srcset=\"https:\/\/petraherotova.com\/wp-content\/uploads\/2020\/04\/P6234446-scaled-1-724x1024.jpg 724w, https:\/\/petraherotova.com\/wp-content\/uploads\/2020\/04\/P6234446-scaled-1-212x300.jpg 212w, https:\/\/petraherotova.com\/wp-content\/uploads\/2020\/04\/P6234446-scaled-1-768x1086.jpg 768w, https:\/\/petraherotova.com\/wp-content\/uploads\/2020\/04\/P6234446-scaled-1-1086x1536.jpg 1086w, https:\/\/petraherotova.com\/wp-content\/uploads\/2020\/04\/P6234446-scaled-1-1448x2048.jpg 1448w, https:\/\/petraherotova.com\/wp-content\/uploads\/2020\/04\/P6234446-scaled-1-1200x1697.jpg 1200w, https:\/\/petraherotova.com\/wp-content\/uploads\/2020\/04\/P6234446-scaled-1.jpg 1810w\" sizes=\"auto, (max-width: 724px) 100vw, 724px\" \/><\/a><figcaption class=\"wp-element-caption\">OLYMPUS DIGITAL CAMERA<\/figcaption><\/figure>\n\n\n\n<figure class=\"wp-block-image\"><a href=\"http:\/\/petraherotova.com\/wp-content\/uploads\/2020\/04\/P6234447-scaled-1.jpg\" data-lbwps-width=\"1810\" data-lbwps-height=\"2560\" data-lbwps-srcsmall=\"https:\/\/petraherotova.com\/wp-content\/uploads\/2020\/04\/P6234447-scaled-1-212x300.jpg\"><img loading=\"lazy\" decoding=\"async\" width=\"724\" height=\"1024\" data-id=\"635\" src=\"http:\/\/petraherotova.com\/wp-content\/uploads\/2020\/04\/P6234447-scaled-1-724x1024.jpg\" alt=\"\" class=\"wp-image-635\" srcset=\"https:\/\/petraherotova.com\/wp-content\/uploads\/2020\/04\/P6234447-scaled-1-724x1024.jpg 724w, https:\/\/petraherotova.com\/wp-content\/uploads\/2020\/04\/P6234447-scaled-1-212x300.jpg 212w, https:\/\/petraherotova.com\/wp-content\/uploads\/2020\/04\/P6234447-scaled-1-768x1086.jpg 768w, https:\/\/petraherotova.com\/wp-content\/uploads\/2020\/04\/P6234447-scaled-1-1086x1536.jpg 1086w, https:\/\/petraherotova.com\/wp-content\/uploads\/2020\/04\/P6234447-scaled-1-1448x2048.jpg 1448w, https:\/\/petraherotova.com\/wp-content\/uploads\/2020\/04\/P6234447-scaled-1-1200x1697.jpg 1200w, https:\/\/petraherotova.com\/wp-content\/uploads\/2020\/04\/P6234447-scaled-1.jpg 1810w\" sizes=\"auto, (max-width: 724px) 100vw, 724px\" \/><\/a><figcaption class=\"wp-element-caption\">OLYMPUS DIGITAL CAMERA<\/figcaption><\/figure>\n\n\n\n<figure class=\"wp-block-image\"><a href=\"http:\/\/petraherotova.com\/wp-content\/uploads\/2020\/04\/P6234448-scaled-1.jpg\" data-lbwps-width=\"2560\" data-lbwps-height=\"1810\" data-lbwps-srcsmall=\"https:\/\/petraherotova.com\/wp-content\/uploads\/2020\/04\/P6234448-scaled-1-300x212.jpg\"><img loading=\"lazy\" decoding=\"async\" width=\"1024\" height=\"724\" data-id=\"636\" src=\"http:\/\/petraherotova.com\/wp-content\/uploads\/2020\/04\/P6234448-scaled-1-1024x724.jpg\" alt=\"\" class=\"wp-image-636\" srcset=\"https:\/\/petraherotova.com\/wp-content\/uploads\/2020\/04\/P6234448-scaled-1-1024x724.jpg 1024w, https:\/\/petraherotova.com\/wp-content\/uploads\/2020\/04\/P6234448-scaled-1-300x212.jpg 300w, https:\/\/petraherotova.com\/wp-content\/uploads\/2020\/04\/P6234448-scaled-1-768x543.jpg 768w, https:\/\/petraherotova.com\/wp-content\/uploads\/2020\/04\/P6234448-scaled-1-1536x1086.jpg 1536w, https:\/\/petraherotova.com\/wp-content\/uploads\/2020\/04\/P6234448-scaled-1-2048x1448.jpg 2048w, https:\/\/petraherotova.com\/wp-content\/uploads\/2020\/04\/P6234448-scaled-1-1200x848.jpg 1200w, https:\/\/petraherotova.com\/wp-content\/uploads\/2020\/04\/P6234448-scaled-1-1980x1400.jpg 1980w\" sizes=\"auto, (max-width: 1024px) 100vw, 1024px\" \/><\/a><figcaption class=\"wp-element-caption\">OLYMPUS DIGITAL CAMERA<\/figcaption><\/figure>\n\n\n\n<figure class=\"wp-block-image\"><a href=\"http:\/\/petraherotova.com\/wp-content\/uploads\/2020\/04\/Pane-e-Ditorni-scaled-1.jpg\" data-lbwps-width=\"1810\" data-lbwps-height=\"2560\" data-lbwps-srcsmall=\"https:\/\/petraherotova.com\/wp-content\/uploads\/2020\/04\/Pane-e-Ditorni-scaled-1-212x300.jpg\"><img loading=\"lazy\" decoding=\"async\" width=\"724\" height=\"1024\" data-id=\"637\" src=\"http:\/\/petraherotova.com\/wp-content\/uploads\/2020\/04\/Pane-e-Ditorni-scaled-1-724x1024.jpg\" alt=\"\" class=\"wp-image-637\" srcset=\"https:\/\/petraherotova.com\/wp-content\/uploads\/2020\/04\/Pane-e-Ditorni-scaled-1-724x1024.jpg 724w, https:\/\/petraherotova.com\/wp-content\/uploads\/2020\/04\/Pane-e-Ditorni-scaled-1-212x300.jpg 212w, https:\/\/petraherotova.com\/wp-content\/uploads\/2020\/04\/Pane-e-Ditorni-scaled-1-768x1086.jpg 768w, https:\/\/petraherotova.com\/wp-content\/uploads\/2020\/04\/Pane-e-Ditorni-scaled-1-1086x1536.jpg 1086w, https:\/\/petraherotova.com\/wp-content\/uploads\/2020\/04\/Pane-e-Ditorni-scaled-1-1448x2048.jpg 1448w, https:\/\/petraherotova.com\/wp-content\/uploads\/2020\/04\/Pane-e-Ditorni-scaled-1-1200x1697.jpg 1200w, https:\/\/petraherotova.com\/wp-content\/uploads\/2020\/04\/Pane-e-Ditorni-scaled-1.jpg 1810w\" sizes=\"auto, (max-width: 724px) 100vw, 724px\" \/><\/a><\/figure>\n<\/figure>\n","protected":false},"excerpt":{"rendered":"<p>k\u00e1va na pap\u00ed\u0159e, form\u00e1t A4\/coffee on paper, A4 format<\/p>\n","protected":false},"author":2,"featured_media":0,"parent":0,"menu_order":0,"comment_status":"closed","ping_status":"closed","template":"","meta":{"footnotes":""},"class_list":["post-615","page","type-page","status-publish","hentry"],"_links":{"self":[{"href":"https:\/\/petraherotova.com\/index.php?rest_route=\/wp\/v2\/pages\/615","targetHints":{"allow":["GET"]}}],"collection":[{"href":"https:\/\/petraherotova.com\/index.php?rest_route=\/wp\/v2\/pages"}],"about":[{"href":"https:\/\/petraherotova.com\/index.php?rest_route=\/wp\/v2\/types\/page"}],"author":[{"embeddable":true,"href":"https:\/\/petraherotova.com\/index.php?rest_route=\/wp\/v2\/users\/2"}],"replies":[{"embeddable":true,"href":"https:\/\/petraherotova.com\/index.php?rest_route=%2Fwp%2Fv2%2Fcomments&post=615"}],"version-history":[{"count":1,"href":"https:\/\/petraherotova.com\/index.php?rest_route=\/wp\/v2\/pages\/615\/revisions"}],"predecessor-version":[{"id":1123,"href":"https:\/\/petraherotova.com\/index.php?rest_route=\/wp\/v2\/pages\/615\/revisions\/1123"}],"wp:attachment":[{"href":"https:\/\/petraherotova.com\/index.php?rest_route=%2Fwp%2Fv2%2Fmedia&parent=615"}],"curies":[{"name":"wp","href":"https:\/\/api.w.org\/{rel}","templated":true}]}}