{"id":43,"date":"2020-02-21T11:10:47","date_gmt":"2020-02-21T11:10:47","guid":{"rendered":"http:\/\/34.90.220.16\/?page_id=43"},"modified":"2023-12-17T17:37:16","modified_gmt":"2023-12-17T16:37:16","slug":"work","status":"publish","type":"page","link":"https:\/\/petraherotova.com\/?page_id=43","title":{"rendered":"work"},"content":{"rendered":"\n<div class=\"wp-block-button\"><a class=\"wp-block-button__link has-primary-color has-background-background-color has-text-color has-background wp-element-button\" href=\"http:\/\/petraherotova.com\/?page_id=796\">intervence\/interventions<\/a><\/div>\n\n\n\n<div class=\"wp-block-button\"><a class=\"wp-block-button__link has-primary-color has-background-background-color has-text-color has-background wp-element-button\" href=\"http:\/\/petraherotova.com\/?page_id=888\">kazimir, mondrian&#8230;<\/a><\/div>\n\n\n\n<div class=\"wp-block-button\"><a class=\"wp-block-button__link has-primary-color has-background-background-color has-text-color has-background wp-element-button\" href=\"http:\/\/petraherotova.com\/?page_id=880\">rgb, 2017<\/a><\/div>\n\n\n\n<div class=\"wp-block-button\"><a class=\"wp-block-button__link has-primary-color has-background-background-color has-text-color has-background wp-element-button\" href=\"http:\/\/petraherotova.com\/?page_id=865\">fotoapar\u00e1tka\/the she camera, 2016<\/a><\/div>\n\n\n\n<div class=\"wp-block-button\"><a class=\"wp-block-button__link has-primary-color has-background-background-color has-text-color has-background wp-element-button\" href=\"http:\/\/petraherotova.com\/?page_id=850\">Think tank, 2014<\/a><\/div>\n\n\n\n<div class=\"wp-block-button\"><a class=\"wp-block-button__link has-primary-color has-background-background-color has-text-color has-background wp-element-button\" href=\"http:\/\/petraherotova.com\/?page_id=757\">Bis bald!, 2014<\/a><\/div>\n\n\n\n<div class=\"wp-block-button\"><a class=\"wp-block-button__link has-primary-color has-background-background-color has-text-color has-background wp-element-button\" href=\"http:\/\/petraherotova.com\/?page_id=738\">CMYK+G, 2012-14<\/a><\/div>\n\n\n\n<div class=\"wp-block-button\"><a class=\"wp-block-button__link has-primary-color has-background-background-color has-text-color has-background wp-element-button\" href=\"http:\/\/petraherotova.com\/?page_id=709\">N\u011bco tady nehraje\/something is not working here<\/a><\/div>\n\n\n\n<div class=\"wp-block-button\"><a class=\"wp-block-button__link has-primary-color has-background-background-color has-text-color has-background wp-element-button\" href=\"http:\/\/petraherotova.com\/?page_id=416\">rozbor obrazu\/image analysis, 2011-12<\/a><\/div>\n\n\n\n<div class=\"wp-block-button\"><a class=\"wp-block-button__link has-primary-color has-background-background-color has-text-color has-background wp-element-button\" href=\"http:\/\/petraherotova.com\/?page_id=646\">Temel\u00edn, 2010-11<\/a><\/div>\n\n\n\n<div class=\"wp-block-button\"><a class=\"wp-block-button__link has-primary-color has-background-background-color has-text-color has-background wp-element-button\" href=\"http:\/\/petraherotova.com\/?page_id=615\">K\u00e1vov\u00e9 kresby\/coffee drawings, 2011<\/a><\/div>\n\n\n\n<div class=\"wp-block-button\"><a class=\"wp-block-button__link has-primary-color has-background-background-color has-text-color has-background wp-element-button\" href=\"http:\/\/petraherotova.com\/?page_id=475\">pohledy z blanska\/postcards from blansko, 2009<\/a><\/div>\n\n\n\n<div class=\"wp-block-button\"><a class=\"wp-block-button__link has-primary-color has-background-background-color has-text-color has-background wp-element-button\" href=\"http:\/\/petraherotova.com\/?page_id=452\">Karel herot, 2007<\/a><\/div>\n\n\n\n<div class=\"wp-block-button is-style-fill\"><a class=\"wp-block-button__link has-primary-color has-background-background-color has-text-color has-background wp-element-button\" href=\"http:\/\/petraherotova.com\/?page_id=229\" rel=\"\">Ta\u0165kovy v\u00fdroky\/Daddy\u00b4s sayings, 2005-6<\/a><\/div>\n\n\n\n<div class=\"wp-block-button\"><a class=\"wp-block-button__link has-primary-color has-background-background-color has-text-color has-background wp-element-button\" href=\"http:\/\/petraherotova.com\/?page_id=361\">Ta\u0165kovo n\u00e1\u0159ad\u00ed\/daddy\u00b4s tools, 2005<\/a><\/div>\n\n\n\n<div class=\"wp-block-button\"><a class=\"wp-block-button__link has-primary-color has-background-background-color has-text-color has-background wp-element-button\" href=\"http:\/\/petraherotova.com\/?page_id=348\">Survirtu\u00e1ln\u00ed sv\u011bt\/survirtual world, 2005<\/a><\/div>\n\n\n\n\n\n<p><\/p>\n","protected":false},"excerpt":{"rendered":"","protected":false},"author":1,"featured_media":0,"parent":0,"menu_order":0,"comment_status":"closed","ping_status":"closed","template":"","meta":{"footnotes":""},"class_list":["post-43","page","type-page","status-publish","hentry"],"_links":{"self":[{"href":"https:\/\/petraherotova.com\/index.php?rest_route=\/wp\/v2\/pages\/43","targetHints":{"allow":["GET"]}}],"collection":[{"href":"https:\/\/petraherotova.com\/index.php?rest_route=\/wp\/v2\/pages"}],"about":[{"href":"https:\/\/petraherotova.com\/index.php?rest_route=\/wp\/v2\/types\/page"}],"author":[{"embeddable":true,"href":"https:\/\/petraherotova.com\/index.php?rest_route=\/wp\/v2\/users\/1"}],"replies":[{"embeddable":true,"href":"https:\/\/petraherotova.com\/index.php?rest_route=%2Fwp%2Fv2%2Fcomments&post=43"}],"version-history":[{"count":1,"href":"https:\/\/petraherotova.com\/index.php?rest_route=\/wp\/v2\/pages\/43\/revisions"}],"predecessor-version":[{"id":1144,"href":"https:\/\/petraherotova.com\/index.php?rest_route=\/wp\/v2\/pages\/43\/revisions\/1144"}],"wp:attachment":[{"href":"https:\/\/petraherotova.com\/index.php?rest_route=%2Fwp%2Fv2%2Fmedia&parent=43"}],"curies":[{"name":"wp","href":"https:\/\/api.w.org\/{rel}","templated":true}]}}